{"id":67804,"date":"2026-04-29T13:00:10","date_gmt":"2026-04-29T11:00:10","guid":{"rendered":"https:\/\/buo.de\/bau\/karriere\/job\/elektroniker-energie-und-gebaeudetechnik-m-w-d\/"},"modified":"2026-04-29T13:00:10","modified_gmt":"2026-04-29T11:00:10","slug":"elektroniker-energie-und-gebaeudetechnik-m-w-d","status":"publish","type":"job","link":"https:\/\/buo.de\/bau\/karriere\/job\/elektroniker-energie-und-gebaeudetechnik-m-w-d\/","title":{"rendered":"Elektroniker Energie- und Geb\u00e4udetechnik (m\/w\/d)"},"content":{"rendered":"<p><strong>B&amp;O Bau \u2013 Wir denken Bauen neu.<\/strong><\/p>\n<p>Als Generalunternehmer gestalten wir deutschlandweit bezahlbaren Wohnraum \u2013 durch Sanierung, Modernisierung, Aufstockung und Neubau. Mit Holz- und Hybridbauweise aus eigener Produktion setzen wir auf nachhaltige L\u00f6sungen. In unserem Forschungszentrum in Bad Aibling entwickeln wir innovative Baukonzepte, die Klimaschutz, Wirtschaftlichkeit und soziale Verantwortung vereinen. Mit \u00fcber 900 Mitarbeitenden gestalten wir ein dynamisches Unternehmen im Wandel \u2013 mit einer klaren Vision: Bauen radikal neu denken \u2013 nachhaltig, effizient, bezahlbar.<\/p>\n<p>Im Raum&nbsp;<strong>Berlin&nbsp;<\/strong>suchen wir einen engagierten <strong>Elektroniker<\/strong>&nbsp;(m\/w\/d) f\u00fcr unsere<strong> Neubau- und Sanierungsprojekte.<\/strong><\/p>\n<p><b>Das erwartet dich<\/b><\/p>\n<ul>\n<li><strong>Installation <\/strong>und<strong> Inbetriebnahme<\/strong> elektrischer Anlagen in Geb\u00e4uden, einschlie\u00dflich Beleuchtungs-, Energieversorgungs- und Kommunikationssystemen<\/li>\n<li><strong>Wartung <\/strong>und<strong> Instandhaltung<\/strong> von Elektroinstallationen, Energieversorgungs- und Geb\u00e4udetechniksystemen<\/li>\n<li><strong>St\u00f6rungsanalyse <\/strong>und <strong>Fehlerbehebung<\/strong> an elektrischen Anlagen<\/li>\n<li><strong>Einbau <\/strong>und<strong> Verdrahtung <\/strong>von<strong> Schaltschr\u00e4nken<\/strong> sowie elektrische Pr\u00fcfungen nach aktuellen Normen<\/li>\n<li>Installation von Smart-Home-Systemen und energieeffizienten L\u00f6sungen (z.B. Photovoltaik, Batteriespeicher)<\/li>\n<li>Erstellung von <strong>Dokumentationen <\/strong>zu den installierten Anlagen sowie deren Betrieb<\/li>\n<\/ul>\n<p><b>Das bringst du mit<\/b><\/p>\n<ul>\n<li>Abgeschlossene Ausbildung als <strong>Elektroniker <\/strong>(m\/w\/d)&nbsp;f\u00fcr Energie- und Geb\u00e4udetechnik&nbsp;<\/li>\n<li><strong>Erste Erfahrung&nbsp;<\/strong>in der Installation und Wartung von geb\u00e4udetechnischen Anlagen (z.B. Beleuchtung, Alarmanlagen, Klimaanlagen)<\/li>\n<li>Gute Kenntnisse der aktuellen <strong>Normen <\/strong>und <strong>Vorschriften <\/strong>im Bereich der Elektrotechnik<\/li>\n<li><strong>Selbstst\u00e4ndige<\/strong>, strukturierte und pr\u00e4zise&nbsp;<strong>Arbeitsweise<\/strong><\/li>\n<li><strong>Teamf\u00e4higkeit <\/strong>und Verantwortungsbewusstsein<\/li>\n<li>F\u00fchrerschein Klasse B von Vorteil, aber kein muss<\/li>\n<\/ul>\n<p><b>Das bieten wir dir<\/b><\/p>\n<p>\ud83d\udd12<strong>&nbsp;Sicherer Arbeitsplatz &#8211;&nbsp;<\/strong>langfristige Perspektive in einem wachsenden Unternehmen<br \/>\u2696\ufe0f&nbsp;<strong>Work-Life-Balance<\/strong>&nbsp;&#8211; 30 Tage Urlaub&nbsp;<br \/>\ud83d\udcda&nbsp;<strong>Zukunft gestalten<\/strong>&nbsp;&#8211; Fort- und Weiterbildungsm\u00f6glichkeiten<br \/>\ud83d\udee0\ufe0f&nbsp;<strong>Beste Ausr\u00fcstung<\/strong>&nbsp;\u2013 Werkzeug namhafter Partner f\u00fcr pr\u00e4zises Arbeiten<br \/>\ud83e\udd1d&nbsp;<strong>Teamspirit&nbsp;<\/strong>&#8211; Unterst\u00fctzendes und offenes Miteinander &amp; regelm\u00e4\u00dfige Teamevents<br \/>\ud83c\udf81&nbsp;<strong>Attraktive Mitarbeiterbenefits<\/strong> &#8211; JobRad, Mitarbeiterrabatte, Wellpass, Sonderkonditionen im B&amp;O Parkhotel<\/p>\n<p><strong>Du findest dich hier wieder und willst mit uns in eine gemeinsame und nachhaltige Zukunft starten?<\/strong><br \/>Dann bewirb dich jetzt.<\/p>\n<p>Weitere Informationen erh\u00e4ltst du unter:&nbsp;<a href=\"https:\/\/buo.de\/bau\/karriere\/\" rel=\"nofollow\">https:\/\/buo.de\/bau\/karriere<\/a><\/p>\n","protected":false},"featured_media":0,"template":"","class_list":["post-67804","job","type-job","status-publish","hentry"],"acf":[],"yoast_head":"<!-- This site is optimized with the Yoast SEO plugin v27.1.1 - https:\/\/yoast.com\/product\/yoast-seo-wordpress\/ -->\n<title>Elektroniker Energie- und Geb\u00e4udetechnik (m\/w\/d) - B&amp;O Bau<\/title>\n<meta name=\"robots\" content=\"index, follow, max-snippet:-1, max-image-preview:large, max-video-preview:-1\" \/>\n<link rel=\"canonical\" href=\"https:\/\/buo.de\/bau\/karriere\/job\/elektroniker-energie-und-gebaeudetechnik-m-w-d\/\" \/>\n<meta property=\"og:locale\" content=\"de_DE\" \/>\n<meta property=\"og:type\" content=\"article\" \/>\n<meta property=\"og:title\" content=\"Elektroniker Energie- und Geb\u00e4udetechnik (m\/w\/d) - B&amp;O Bau\" \/>\n<meta property=\"og:description\" content=\"B&amp;O Bau \u2013 Wir denken Bauen neu. Als Generalunternehmer gestalten wir deutschlandweit bezahlbaren Wohnraum \u2013 durch Sanierung, Modernisierung, Aufstockung und Neubau. Mit Holz- und Hybridbauweise aus eigener Produktion setzen wir auf nachhaltige L\u00f6sungen. In unserem Forschungszentrum in Bad Aibling entwickeln wir innovative Baukonzepte, die Klimaschutz, Wirtschaftlichkeit und soziale Verantwortung vereinen. Mit \u00fcber 900 Mitarbeitenden gestalten...\" \/>\n<meta property=\"og:url\" content=\"https:\/\/buo.de\/bau\/karriere\/job\/elektroniker-energie-und-gebaeudetechnik-m-w-d\/\" \/>\n<meta property=\"og:site_name\" content=\"B&amp;O Bau\" \/>\n<meta property=\"article:publisher\" content=\"https:\/\/www.youtube.com\/@BuOBau\" \/>\n<meta property=\"og:image\" content=\"https:\/\/buo.de\/bau\/wp-content\/uploads\/sites\/2\/2025\/07\/Holz_8_Bad_Aibling-1-1024x576.png\" \/>\n\t<meta property=\"og:image:width\" content=\"1024\" \/>\n\t<meta property=\"og:image:height\" content=\"576\" \/>\n\t<meta property=\"og:image:type\" content=\"image\/png\" \/>\n<meta name=\"twitter:card\" content=\"summary_large_image\" \/>\n<meta name=\"twitter:label1\" content=\"Gesch\u00e4tzte Lesezeit\" \/>\n\t<meta name=\"twitter:data1\" content=\"2\u00a0Minuten\" \/>\n<script type=\"application\/ld+json\" class=\"yoast-schema-graph\">{\"@context\":\"https:\/\/schema.org\",\"@graph\":[{\"@type\":\"WebPage\",\"@id\":\"https:\/\/buo.de\/bau\/karriere\/job\/elektroniker-energie-und-gebaeudetechnik-m-w-d\/\",\"url\":\"https:\/\/buo.de\/bau\/karriere\/job\/elektroniker-energie-und-gebaeudetechnik-m-w-d\/\",\"name\":\"Elektroniker Energie- und Geb\u00e4udetechnik (m\/w\/d) - B&O Bau\",\"isPartOf\":{\"@id\":\"https:\/\/buo.de\/bau\/#website\"},\"datePublished\":\"2026-04-29T11:00:10+00:00\",\"breadcrumb\":{\"@id\":\"https:\/\/buo.de\/bau\/karriere\/job\/elektroniker-energie-und-gebaeudetechnik-m-w-d\/#breadcrumb\"},\"inLanguage\":\"de\",\"potentialAction\":[{\"@type\":\"ReadAction\",\"target\":[\"https:\/\/buo.de\/bau\/karriere\/job\/elektroniker-energie-und-gebaeudetechnik-m-w-d\/\"]}]},{\"@type\":\"BreadcrumbList\",\"@id\":\"https:\/\/buo.de\/bau\/karriere\/job\/elektroniker-energie-und-gebaeudetechnik-m-w-d\/#breadcrumb\",\"itemListElement\":[{\"@type\":\"ListItem\",\"position\":1,\"name\":\"Start\",\"item\":\"https:\/\/buo.de\/bau\/\"},{\"@type\":\"ListItem\",\"position\":2,\"name\":\"Elektroniker Energie- und Geb\u00e4udetechnik (m\/w\/d)\"}]},{\"@type\":\"WebSite\",\"@id\":\"https:\/\/buo.de\/bau\/#website\",\"url\":\"https:\/\/buo.de\/bau\/\",\"name\":\"B&O Bau\",\"description\":\"Das Pilotprojekt\u202fumfasst eine dreigeschossige Nachverdichtung ohne Fl\u00e4chenversiegelung, gepaart mit einer f\u00fcnfgeschossigen seriellen Fassadensanierung im bewohnten Zustand.\u00a0\",\"publisher\":{\"@id\":\"https:\/\/buo.de\/bau\/#organization\"},\"potentialAction\":[{\"@type\":\"SearchAction\",\"target\":{\"@type\":\"EntryPoint\",\"urlTemplate\":\"https:\/\/buo.de\/bau\/?s={search_term_string}\"},\"query-input\":{\"@type\":\"PropertyValueSpecification\",\"valueRequired\":true,\"valueName\":\"search_term_string\"}}],\"inLanguage\":\"de\"},{\"@type\":\"Organization\",\"@id\":\"https:\/\/buo.de\/bau\/#organization\",\"name\":\"B&O Bau GmbH\",\"url\":\"https:\/\/buo.de\/bau\/\",\"logo\":{\"@type\":\"ImageObject\",\"inLanguage\":\"de\",\"@id\":\"https:\/\/buo.de\/bau\/#\/schema\/logo\/image\/\",\"url\":\"https:\/\/buo.de\/bau\/wp-content\/uploads\/sites\/2\/2026\/03\/Logo_BO_Bau_RGB-1.png\",\"contentUrl\":\"https:\/\/buo.de\/bau\/wp-content\/uploads\/sites\/2\/2026\/03\/Logo_BO_Bau_RGB-1.png\",\"width\":1095,\"height\":827,\"caption\":\"B&O Bau GmbH\"},\"image\":{\"@id\":\"https:\/\/buo.de\/bau\/#\/schema\/logo\/image\/\"},\"sameAs\":[\"https:\/\/www.youtube.com\/@BuOBau\",\"https:\/\/www.linkedin.com\/company\/18550887\/\"]}]}<\/script>\n<!-- \/ Yoast SEO plugin. -->","yoast_head_json":{"title":"Elektroniker Energie- und Geb\u00e4udetechnik (m\/w\/d) - B&O Bau","robots":{"index":"index","follow":"follow","max-snippet":"max-snippet:-1","max-image-preview":"max-image-preview:large","max-video-preview":"max-video-preview:-1"},"canonical":"https:\/\/buo.de\/bau\/karriere\/job\/elektroniker-energie-und-gebaeudetechnik-m-w-d\/","og_locale":"de_DE","og_type":"article","og_title":"Elektroniker Energie- und Geb\u00e4udetechnik (m\/w\/d) - B&O Bau","og_description":"B&amp;O Bau \u2013 Wir denken Bauen neu. Als Generalunternehmer gestalten wir deutschlandweit bezahlbaren Wohnraum \u2013 durch Sanierung, Modernisierung, Aufstockung und Neubau. Mit Holz- und Hybridbauweise aus eigener Produktion setzen wir auf nachhaltige L\u00f6sungen. In unserem Forschungszentrum in Bad Aibling entwickeln wir innovative Baukonzepte, die Klimaschutz, Wirtschaftlichkeit und soziale Verantwortung vereinen. Mit \u00fcber 900 Mitarbeitenden gestalten...","og_url":"https:\/\/buo.de\/bau\/karriere\/job\/elektroniker-energie-und-gebaeudetechnik-m-w-d\/","og_site_name":"B&O Bau","article_publisher":"https:\/\/www.youtube.com\/@BuOBau","og_image":[{"width":1024,"height":576,"url":"https:\/\/buo.de\/bau\/wp-content\/uploads\/sites\/2\/2025\/07\/Holz_8_Bad_Aibling-1-1024x576.png","type":"image\/png"}],"twitter_card":"summary_large_image","twitter_misc":{"Gesch\u00e4tzte Lesezeit":"2\u00a0Minuten"},"schema":{"@context":"https:\/\/schema.org","@graph":[{"@type":"WebPage","@id":"https:\/\/buo.de\/bau\/karriere\/job\/elektroniker-energie-und-gebaeudetechnik-m-w-d\/","url":"https:\/\/buo.de\/bau\/karriere\/job\/elektroniker-energie-und-gebaeudetechnik-m-w-d\/","name":"Elektroniker Energie- und Geb\u00e4udetechnik (m\/w\/d) - B&O Bau","isPartOf":{"@id":"https:\/\/buo.de\/bau\/#website"},"datePublished":"2026-04-29T11:00:10+00:00","breadcrumb":{"@id":"https:\/\/buo.de\/bau\/karriere\/job\/elektroniker-energie-und-gebaeudetechnik-m-w-d\/#breadcrumb"},"inLanguage":"de","potentialAction":[{"@type":"ReadAction","target":["https:\/\/buo.de\/bau\/karriere\/job\/elektroniker-energie-und-gebaeudetechnik-m-w-d\/"]}]},{"@type":"BreadcrumbList","@id":"https:\/\/buo.de\/bau\/karriere\/job\/elektroniker-energie-und-gebaeudetechnik-m-w-d\/#breadcrumb","itemListElement":[{"@type":"ListItem","position":1,"name":"Start","item":"https:\/\/buo.de\/bau\/"},{"@type":"ListItem","position":2,"name":"Elektroniker Energie- und Geb\u00e4udetechnik (m\/w\/d)"}]},{"@type":"WebSite","@id":"https:\/\/buo.de\/bau\/#website","url":"https:\/\/buo.de\/bau\/","name":"B&O Bau","description":"Das Pilotprojekt\u202fumfasst eine dreigeschossige Nachverdichtung ohne Fl\u00e4chenversiegelung, gepaart mit einer f\u00fcnfgeschossigen seriellen Fassadensanierung im bewohnten Zustand.\u00a0","publisher":{"@id":"https:\/\/buo.de\/bau\/#organization"},"potentialAction":[{"@type":"SearchAction","target":{"@type":"EntryPoint","urlTemplate":"https:\/\/buo.de\/bau\/?s={search_term_string}"},"query-input":{"@type":"PropertyValueSpecification","valueRequired":true,"valueName":"search_term_string"}}],"inLanguage":"de"},{"@type":"Organization","@id":"https:\/\/buo.de\/bau\/#organization","name":"B&O Bau GmbH","url":"https:\/\/buo.de\/bau\/","logo":{"@type":"ImageObject","inLanguage":"de","@id":"https:\/\/buo.de\/bau\/#\/schema\/logo\/image\/","url":"https:\/\/buo.de\/bau\/wp-content\/uploads\/sites\/2\/2026\/03\/Logo_BO_Bau_RGB-1.png","contentUrl":"https:\/\/buo.de\/bau\/wp-content\/uploads\/sites\/2\/2026\/03\/Logo_BO_Bau_RGB-1.png","width":1095,"height":827,"caption":"B&O Bau GmbH"},"image":{"@id":"https:\/\/buo.de\/bau\/#\/schema\/logo\/image\/"},"sameAs":["https:\/\/www.youtube.com\/@BuOBau","https:\/\/www.linkedin.com\/company\/18550887\/"]}]}},"_links":{"self":[{"href":"https:\/\/buo.de\/bau\/wp-json\/wp\/v2\/job\/67804","targetHints":{"allow":["GET"]}}],"collection":[{"href":"https:\/\/buo.de\/bau\/wp-json\/wp\/v2\/job"}],"about":[{"href":"https:\/\/buo.de\/bau\/wp-json\/wp\/v2\/types\/job"}],"wp:attachment":[{"href":"https:\/\/buo.de\/bau\/wp-json\/wp\/v2\/media?parent=67804"}],"curies":[{"name":"wp","href":"https:\/\/api.w.org\/{rel}","templated":true}]}}

Elektroniker Energie- und Gebäudetechnik (m/w/d)

<p><strong>B&amp;O Bau – Wir denken Bauen neu.</strong></p>
<p>Als Generalunternehmer gestalten wir deutschlandweit bezahlbaren Wohnraum – durch Sanierung, Modernisierung, Aufstockung und Neubau. Mit Holz- und Hybridbauweise aus eigener Produktion setzen wir auf nachhaltige Lösungen. In unserem Forschungszentrum in Bad Aibling entwickeln wir innovative Baukonzepte, die Klimaschutz, Wirtschaftlichkeit und soziale Verantwortung vereinen. Mit über 900 Mitarbeitenden gestalten wir ein dynamisches Unternehmen im Wandel – mit einer klaren Vision: Bauen radikal neu denken – nachhaltig, effizient, bezahlbar.</p>
<p>Im Raum&nbsp;<strong>Berlin&nbsp;</strong>suchen wir einen engagierten <strong>Elektroniker</strong>&nbsp;(m/w/d) für unsere<strong> Neubau- und Sanierungsprojekte.</strong></p>
<p><b>Das erwartet dich</b></p>
<ul>
<li><strong>Installation </strong>und<strong> Inbetriebnahme</strong> elektrischer Anlagen in Gebäuden, einschließlich Beleuchtungs-, Energieversorgungs- und Kommunikationssystemen</li>
<li><strong>Wartung </strong>und<strong> Instandhaltung</strong> von Elektroinstallationen, Energieversorgungs- und Gebäudetechniksystemen</li>
<li><strong>Störungsanalyse </strong>und <strong>Fehlerbehebung</strong> an elektrischen Anlagen</li>
<li><strong>Einbau </strong>und<strong> Verdrahtung </strong>von<strong> Schaltschränken</strong> sowie elektrische Prüfungen nach aktuellen Normen</li>
<li>Installation von Smart-Home-Systemen und energieeffizienten Lösungen (z.B. Photovoltaik, Batteriespeicher)</li>
<li>Erstellung von <strong>Dokumentationen </strong>zu den installierten Anlagen sowie deren Betrieb</li>
</ul>
<p><b>Das bringst du mit</b></p>
<ul>
<li>Abgeschlossene Ausbildung als <strong>Elektroniker </strong>(m/w/d)&nbsp;für Energie- und Gebäudetechnik&nbsp;</li>
<li><strong>Erste Erfahrung&nbsp;</strong>in der Installation und Wartung von gebäudetechnischen Anlagen (z.B. Beleuchtung, Alarmanlagen, Klimaanlagen)</li>
<li>Gute Kenntnisse der aktuellen <strong>Normen </strong>und <strong>Vorschriften </strong>im Bereich der Elektrotechnik</li>
<li><strong>Selbstständige</strong>, strukturierte und präzise&nbsp;<strong>Arbeitsweise</strong></li>
<li><strong>Teamfähigkeit </strong>und Verantwortungsbewusstsein</li>
<li>Führerschein Klasse B von Vorteil, aber kein muss</li>
</ul>
<p><b>Das bieten wir dir</b></p>
<p>🔒<strong>&nbsp;Sicherer Arbeitsplatz &#8211;&nbsp;</strong>langfristige Perspektive in einem wachsenden Unternehmen<br />⚖️&nbsp;<strong>Work-Life-Balance</strong>&nbsp;&#8211; 30 Tage Urlaub&nbsp;<br />📚&nbsp;<strong>Zukunft gestalten</strong>&nbsp;&#8211; Fort- und Weiterbildungsmöglichkeiten<br />🛠️&nbsp;<strong>Beste Ausrüstung</strong>&nbsp;– Werkzeug namhafter Partner für präzises Arbeiten<br />🤝&nbsp;<strong>Teamspirit&nbsp;</strong>&#8211; Unterstützendes und offenes Miteinander &amp; regelmäßige Teamevents<br />🎁&nbsp;<strong>Attraktive Mitarbeiterbenefits</strong> &#8211; JobRad, Mitarbeiterrabatte, Wellpass, Sonderkonditionen im B&amp;O Parkhotel</p>
<p><strong>Du findest dich hier wieder und willst mit uns in eine gemeinsame und nachhaltige Zukunft starten?</strong><br />Dann bewirb dich jetzt.</p>
<p>Weitere Informationen erhältst du unter:&nbsp;<a href="https://buo.de/bau/karriere/" rel="nofollow">https://buo.de/bau/karriere</a></p>

<!-- This site is optimized with the Yoast SEO plugin v27.1.1 - https://yoast.com/product/yoast-seo-wordpress/ -->
<title>Elektroniker Energie- und Gebäudetechnik (m/w/d) - B&amp;O Bau</title>
<meta name="robots" content="index, follow, max-snippet:-1, max-image-preview:large, max-video-preview:-1" />
<link rel="canonical" href="https://buo.de/bau/karriere/job/elektroniker-energie-und-gebaeudetechnik-m-w-d/" />
<meta property="og:locale" content="de_DE" />
<meta property="og:type" content="article" />
<meta property="og:title" content="Elektroniker Energie- und Gebäudetechnik (m/w/d) - B&amp;O Bau" />
<meta property="og:description" content="B&amp;O Bau – Wir denken Bauen neu. Als Generalunternehmer gestalten wir deutschlandweit bezahlbaren Wohnraum – durch Sanierung, Modernisierung, Aufstockung und Neubau. Mit Holz- und Hybridbauweise aus eigener Produktion setzen wir auf nachhaltige Lösungen. In unserem Forschungszentrum in Bad Aibling entwickeln wir innovative Baukonzepte, die Klimaschutz, Wirtschaftlichkeit und soziale Verantwortung vereinen. Mit über 900 Mitarbeitenden gestalten..." />
<meta property="og:url" content="https://buo.de/bau/karriere/job/elektroniker-energie-und-gebaeudetechnik-m-w-d/" />
<meta property="og:site_name" content="B&amp;O Bau" />
<meta property="article:publisher" content="https://www.youtube.com/@BuOBau" />
<meta property="og:image" content="https://buo.de/bau/wp-content/uploads/sites/2/2025/07/Holz_8_Bad_Aibling-1-1024x576.png" />
	<meta property="og:image:width" content="1024" />
	<meta property="og:image:height" content="576" />
	<meta property="og:image:type" content="image/png" />
<meta name="twitter:card" content="summary_large_image" />
<meta name="twitter:label1" content="Geschätzte Lesezeit" />
	<meta name="twitter:data1" content="2 Minuten" />
<script type="application/ld+json" class="yoast-schema-graph">{"@context":"https://schema.org","@graph":[{"@type":"WebPage","@id":"https://buo.de/bau/karriere/job/elektroniker-energie-und-gebaeudetechnik-m-w-d/","url":"https://buo.de/bau/karriere/job/elektroniker-energie-und-gebaeudetechnik-m-w-d/","name":"Elektroniker Energie- und Gebäudetechnik (m/w/d) - B&O Bau","isPartOf":{"@id":"https://buo.de/bau/#website"},"datePublished":"2026-04-29T11:00:10+00:00","breadcrumb":{"@id":"https://buo.de/bau/karriere/job/elektroniker-energie-und-gebaeudetechnik-m-w-d/#breadcrumb"},"inLanguage":"de","potentialAction":[{"@type":"ReadAction","target":["https://buo.de/bau/karriere/job/elektroniker-energie-und-gebaeudetechnik-m-w-d/"]}]},{"@type":"BreadcrumbList","@id":"https://buo.de/bau/karriere/job/elektroniker-energie-und-gebaeudetechnik-m-w-d/#breadcrumb","itemListElement":[{"@type":"ListItem","position":1,"name":"Start","item":"https://buo.de/bau/"},{"@type":"ListItem","position":2,"name":"Elektroniker Energie- und Gebäudetechnik (m/w/d)"}]},{"@type":"WebSite","@id":"https://buo.de/bau/#website","url":"https://buo.de/bau/","name":"B&O Bau","description":"Das Pilotprojekt umfasst eine dreigeschossige Nachverdichtung ohne Flächenversiegelung, gepaart mit einer fünfgeschossigen seriellen Fassadensanierung im bewohnten Zustand. ","publisher":{"@id":"https://buo.de/bau/#organization"},"potentialAction":[{"@type":"SearchAction","target":{"@type":"EntryPoint","urlTemplate":"https://buo.de/bau/?s={search_term_string}"},"query-input":{"@type":"PropertyValueSpecification","valueRequired":true,"valueName":"search_term_string"}}],"inLanguage":"de"},{"@type":"Organization","@id":"https://buo.de/bau/#organization","name":"B&O Bau GmbH","url":"https://buo.de/bau/","logo":{"@type":"ImageObject","inLanguage":"de","@id":"https://buo.de/bau/#/schema/logo/image/","url":"https://buo.de/bau/wp-content/uploads/sites/2/2026/03/Logo_BO_Bau_RGB-1.png","contentUrl":"https://buo.de/bau/wp-content/uploads/sites/2/2026/03/Logo_BO_Bau_RGB-1.png","width":1095,"height":827,"caption":"B&O Bau GmbH"},"image":{"@id":"https://buo.de/bau/#/schema/logo/image/"},"sameAs":["https://www.youtube.com/@BuOBau","https://www.linkedin.com/company/18550887/"]}]}</script>
<!-- / Yoast SEO plugin. -->

Elektroniker Energie- und Gebäudetechnik (m/w/d) - B&O Bau

B&amp;O Bau – Wir denken Bauen neu. Als Generalunternehmer gestalten wir deutschlandweit bezahlbaren Wohnraum – durch Sanierung, Modernisierung, Aufstockung und Neubau. Mit Holz- und Hybridbauweise aus eigener Produktion setzen wir auf nachhaltige Lösungen. In unserem Forschungszentrum in Bad Aibling entwickeln wir innovative Baukonzepte, die Klimaschutz, Wirtschaftlichkeit und soziale Verantwortung vereinen. Mit über 900 Mitarbeitenden gestalten...

Das Pilotprojekt umfasst eine dreigeschossige Nachverdichtung ohne Flächenversiegelung, gepaart mit einer fünfgeschossigen seriellen Fassadensanierung im bewohnten Zustand.
