{"id":67831,"date":"2026-04-29T13:00:15","date_gmt":"2026-04-29T11:00:15","guid":{"rendered":"https:\/\/buo.de\/bau\/karriere\/job\/bauleiter-wohnungsbau-m-w-d-8\/"},"modified":"2026-04-29T13:00:15","modified_gmt":"2026-04-29T11:00:15","slug":"bauleiter-wohnungsbau-m-w-d-8","status":"publish","type":"job","link":"https:\/\/buo.de\/bau\/karriere\/job\/bauleiter-wohnungsbau-m-w-d-8\/","title":{"rendered":"Bauleiter Wohnungsbau (m\/w\/d)"},"content":{"rendered":"<p><strong>B&amp;O Bau \u2013 Wir denken Bauen neu.<\/strong><\/p>\n<p>Als Generalunternehmer gestalten wir deutschlandweit bezahlbaren Wohnraum \u2013 durch Sanierung, Modernisierung, Aufstockung und Neubau. Mit Holz- und Hybridbauweise aus eigener Produktion setzen wir auf nachhaltige L\u00f6sungen. In unserem Forschungszentrum in Bad Aibling entwickeln wir innovative Baukonzepte, die Klimaschutz, Wirtschaftlichkeit und soziale Verantwortung vereinen. Mit \u00fcber 900 Mitarbeitenden gestalten wir ein dynamisches Unternehmen im Wandel \u2013 mit einer klaren Vision: Bauen radikal neu denken \u2013 nachhaltig, effizient, bezahlbar.<\/p>\n<p>F\u00fcr unseren <strong>Standort Stuttgart<\/strong>&nbsp;suchen wir einen motivierten&nbsp;<strong>Bauleiter (m\/w\/d)<\/strong>.<\/p>\n<p><b> Das erwartet Sie <\/b><\/p>\n<ul>\n<li>Verantwortung f\u00fcr die<strong> Bauleitung<\/strong> im Bereich <strong>Neubau <\/strong>und <strong>Sanierung<\/strong><\/li>\n<li><strong>Kostenkontrolle<\/strong>, <strong>Abrechnung <\/strong>sowie Sicherstellung der <strong>Wirtschaftlichkeit<\/strong> von Bauprojekten<\/li>\n<li>Terminplanung, \u00dcberwachung und Einhaltung der <strong>Bauzeitenpl\u00e4ne<\/strong><\/li>\n<li><strong>Koordination <\/strong>der <strong>Gewerke<\/strong> und <strong>Zusammenarbeit<\/strong> mit allen<strong> Projektpartnern<\/strong><\/li>\n<li>Technische Kl\u00e4rung sowie Vergabe und Steuerung von <strong>Nachunternehmerleistungen<\/strong><\/li>\n<li><strong>Leitung <\/strong>von <strong>Baubesprechungen<\/strong> und <strong>Unterst\u00fctzung <\/strong>der <strong>Projektleitung<\/strong> in operativen und technischen Belangen<\/li>\n<\/ul>\n<p><b>Das bringen Sie mit <\/b><\/p>\n<ul>\n<li>Abgeschlossenes Studium im <strong>Bauingenieurwesen<\/strong>, <strong>Architektur <\/strong>oder<strong> vergleichbare technische Ausbildung<\/strong> (z.\u202fB. Bautechniker:in oder Meister:in im Bauhandwerk)<\/li>\n<li>Mehrj\u00e4hrige <strong>Erfahrung <\/strong>in der <strong>Bauleitung<\/strong>, insbesondere im <strong>Wohnungsneubau <\/strong>und in der <strong>Sanierung<\/strong><\/li>\n<li>Fundierte Kenntnisse in <strong>Baurecht<\/strong>, <strong>VOB <\/strong>und <strong>moderner Bautechnik<\/strong><\/li>\n<li>F\u00fchrungserfahrung sowie F\u00e4higkeit zur <strong>Motivation von Teams<\/strong><\/li>\n<li>Sicherer Umgang mit <strong>Bausoftware <\/strong>(z.\u202fB. AVA, MS Project) und<strong> MS Office<\/strong><\/li>\n<li><strong>Organisationstalent, Durchsetzungsf\u00e4higkeit <\/strong>und l\u00f6sungsorientierte Arbeitsweise<strong>; F\u00fchrerschein Klasse B <\/strong>erforderlich<\/li>\n<li><span>Sehr gute <strong>Deutschkenntnisse <\/strong>in Wort und Schrift (mindestens <strong>C1-Niveau<\/strong>)<\/span><\/li>\n<\/ul>\n<p><b>Das bieten wir Ihnen<\/b><\/p>\n<p>\ud83d\udd12<strong>&nbsp;Sicherer Arbeitsplatz &#8211;&nbsp;<\/strong>langfristige Perspektive in einem wachsenden Unternehmen<br \/>\u2696\ufe0f&nbsp;<strong>Work-Life-Balance<\/strong>&nbsp;&#8211; 30 Tage Urlaub&nbsp;<br \/>\ud83d\ude97&nbsp;<strong>Firmenwagen<\/strong>&nbsp;&#8211; auch zur privaten Nutzung<br \/>\ud83d\udcda&nbsp;<strong>Zukunft gestalten<\/strong>&nbsp;&#8211; Fort- und Weiterbildungsm\u00f6glichkeiten<br \/>\ud83e\udd1d&nbsp;<strong>Teamspirit&nbsp;<\/strong>&#8211; Unterst\u00fctzendes und offenes Miteinander &amp; regelm\u00e4\u00dfige Teamevents<br \/>\ud83c\udf81&nbsp;<strong>Attraktive Mitarbeiterbenefits<\/strong> &#8211; <span>JobRad, Mitarbeiterrabatte, Wellpass, Sonderkonditionen im B&amp;O Parkhotel<\/span><\/p>\n<p><strong>Sie finden sich hier wieder und wollen mit uns in eine gemeinsame und nachhaltige Zukunft starten?<\/strong><br \/>Dann z\u00f6gern Sie nicht und bewerben Sie sich jetzt! Wir freuen uns auf Ihre Bewerbung!<\/p>\n<p>Weitere Informationen erhalten Sie unter:&nbsp;<a href=\"https:\/\/buo.de\/bau\/karriere\/?utm_source=stellenanzeige&amp;utm_medium=referral&amp;utm_campaign=bauleiterimwohnungsbau&amp;utm_id=Bauleiter+im+Wohnungsbau+%28m%2Fw%2Fd%29\" rel=\"nofollow\">www.buo.de\/bau\/karriere<\/a><\/p>\n<p>&nbsp;<\/p>\n","protected":false},"featured_media":0,"template":"","class_list":["post-67831","job","type-job","status-publish","hentry"],"acf":[],"yoast_head":"<!-- This site is optimized with the Yoast SEO plugin v27.1.1 - https:\/\/yoast.com\/product\/yoast-seo-wordpress\/ -->\n<title>Bauleiter Wohnungsbau (m\/w\/d) - B&amp;O Bau<\/title>\n<meta name=\"robots\" content=\"index, follow, max-snippet:-1, max-image-preview:large, max-video-preview:-1\" \/>\n<link rel=\"canonical\" href=\"https:\/\/buo.de\/bau\/karriere\/job\/bauleiter-wohnungsbau-m-w-d-8\/\" \/>\n<meta property=\"og:locale\" content=\"de_DE\" \/>\n<meta property=\"og:type\" content=\"article\" \/>\n<meta property=\"og:title\" content=\"Bauleiter Wohnungsbau (m\/w\/d) - B&amp;O Bau\" \/>\n<meta property=\"og:description\" content=\"B&amp;O Bau \u2013 Wir denken Bauen neu. Als Generalunternehmer gestalten wir deutschlandweit bezahlbaren Wohnraum \u2013 durch Sanierung, Modernisierung, Aufstockung und Neubau. Mit Holz- und Hybridbauweise aus eigener Produktion setzen wir auf nachhaltige L\u00f6sungen. In unserem Forschungszentrum in Bad Aibling entwickeln wir innovative Baukonzepte, die Klimaschutz, Wirtschaftlichkeit und soziale Verantwortung vereinen. Mit \u00fcber 900 Mitarbeitenden gestalten...\" \/>\n<meta property=\"og:url\" content=\"https:\/\/buo.de\/bau\/karriere\/job\/bauleiter-wohnungsbau-m-w-d-8\/\" \/>\n<meta property=\"og:site_name\" content=\"B&amp;O Bau\" \/>\n<meta property=\"article:publisher\" content=\"https:\/\/www.youtube.com\/@BuOBau\" \/>\n<meta property=\"og:image\" content=\"https:\/\/buo.de\/bau\/wp-content\/uploads\/sites\/2\/2025\/07\/Holz_8_Bad_Aibling-1-1024x576.png\" \/>\n\t<meta property=\"og:image:width\" content=\"1024\" \/>\n\t<meta property=\"og:image:height\" content=\"576\" \/>\n\t<meta property=\"og:image:type\" content=\"image\/png\" \/>\n<meta name=\"twitter:card\" content=\"summary_large_image\" \/>\n<meta name=\"twitter:label1\" content=\"Gesch\u00e4tzte Lesezeit\" \/>\n\t<meta name=\"twitter:data1\" content=\"2\u00a0Minuten\" \/>\n<script type=\"application\/ld+json\" class=\"yoast-schema-graph\">{\"@context\":\"https:\/\/schema.org\",\"@graph\":[{\"@type\":\"WebPage\",\"@id\":\"https:\/\/buo.de\/bau\/karriere\/job\/bauleiter-wohnungsbau-m-w-d-8\/\",\"url\":\"https:\/\/buo.de\/bau\/karriere\/job\/bauleiter-wohnungsbau-m-w-d-8\/\",\"name\":\"Bauleiter Wohnungsbau (m\/w\/d) - B&O Bau\",\"isPartOf\":{\"@id\":\"https:\/\/buo.de\/bau\/#website\"},\"datePublished\":\"2026-04-29T11:00:15+00:00\",\"breadcrumb\":{\"@id\":\"https:\/\/buo.de\/bau\/karriere\/job\/bauleiter-wohnungsbau-m-w-d-8\/#breadcrumb\"},\"inLanguage\":\"de\",\"potentialAction\":[{\"@type\":\"ReadAction\",\"target\":[\"https:\/\/buo.de\/bau\/karriere\/job\/bauleiter-wohnungsbau-m-w-d-8\/\"]}]},{\"@type\":\"BreadcrumbList\",\"@id\":\"https:\/\/buo.de\/bau\/karriere\/job\/bauleiter-wohnungsbau-m-w-d-8\/#breadcrumb\",\"itemListElement\":[{\"@type\":\"ListItem\",\"position\":1,\"name\":\"Start\",\"item\":\"https:\/\/buo.de\/bau\/\"},{\"@type\":\"ListItem\",\"position\":2,\"name\":\"Bauleiter Wohnungsbau (m\/w\/d)\"}]},{\"@type\":\"WebSite\",\"@id\":\"https:\/\/buo.de\/bau\/#website\",\"url\":\"https:\/\/buo.de\/bau\/\",\"name\":\"B&O Bau\",\"description\":\"Das Pilotprojekt\u202fumfasst eine dreigeschossige Nachverdichtung ohne Fl\u00e4chenversiegelung, gepaart mit einer f\u00fcnfgeschossigen seriellen Fassadensanierung im bewohnten Zustand.\u00a0\",\"publisher\":{\"@id\":\"https:\/\/buo.de\/bau\/#organization\"},\"potentialAction\":[{\"@type\":\"SearchAction\",\"target\":{\"@type\":\"EntryPoint\",\"urlTemplate\":\"https:\/\/buo.de\/bau\/?s={search_term_string}\"},\"query-input\":{\"@type\":\"PropertyValueSpecification\",\"valueRequired\":true,\"valueName\":\"search_term_string\"}}],\"inLanguage\":\"de\"},{\"@type\":\"Organization\",\"@id\":\"https:\/\/buo.de\/bau\/#organization\",\"name\":\"B&O Bau GmbH\",\"url\":\"https:\/\/buo.de\/bau\/\",\"logo\":{\"@type\":\"ImageObject\",\"inLanguage\":\"de\",\"@id\":\"https:\/\/buo.de\/bau\/#\/schema\/logo\/image\/\",\"url\":\"https:\/\/buo.de\/bau\/wp-content\/uploads\/sites\/2\/2026\/03\/Logo_BO_Bau_RGB-1.png\",\"contentUrl\":\"https:\/\/buo.de\/bau\/wp-content\/uploads\/sites\/2\/2026\/03\/Logo_BO_Bau_RGB-1.png\",\"width\":1095,\"height\":827,\"caption\":\"B&O Bau GmbH\"},\"image\":{\"@id\":\"https:\/\/buo.de\/bau\/#\/schema\/logo\/image\/\"},\"sameAs\":[\"https:\/\/www.youtube.com\/@BuOBau\",\"https:\/\/www.linkedin.com\/company\/18550887\/\"]}]}<\/script>\n<!-- \/ Yoast SEO plugin. -->","yoast_head_json":{"title":"Bauleiter Wohnungsbau (m\/w\/d) - B&O Bau","robots":{"index":"index","follow":"follow","max-snippet":"max-snippet:-1","max-image-preview":"max-image-preview:large","max-video-preview":"max-video-preview:-1"},"canonical":"https:\/\/buo.de\/bau\/karriere\/job\/bauleiter-wohnungsbau-m-w-d-8\/","og_locale":"de_DE","og_type":"article","og_title":"Bauleiter Wohnungsbau (m\/w\/d) - B&O Bau","og_description":"B&amp;O Bau \u2013 Wir denken Bauen neu. Als Generalunternehmer gestalten wir deutschlandweit bezahlbaren Wohnraum \u2013 durch Sanierung, Modernisierung, Aufstockung und Neubau. Mit Holz- und Hybridbauweise aus eigener Produktion setzen wir auf nachhaltige L\u00f6sungen. In unserem Forschungszentrum in Bad Aibling entwickeln wir innovative Baukonzepte, die Klimaschutz, Wirtschaftlichkeit und soziale Verantwortung vereinen. Mit \u00fcber 900 Mitarbeitenden gestalten...","og_url":"https:\/\/buo.de\/bau\/karriere\/job\/bauleiter-wohnungsbau-m-w-d-8\/","og_site_name":"B&O Bau","article_publisher":"https:\/\/www.youtube.com\/@BuOBau","og_image":[{"width":1024,"height":576,"url":"https:\/\/buo.de\/bau\/wp-content\/uploads\/sites\/2\/2025\/07\/Holz_8_Bad_Aibling-1-1024x576.png","type":"image\/png"}],"twitter_card":"summary_large_image","twitter_misc":{"Gesch\u00e4tzte Lesezeit":"2\u00a0Minuten"},"schema":{"@context":"https:\/\/schema.org","@graph":[{"@type":"WebPage","@id":"https:\/\/buo.de\/bau\/karriere\/job\/bauleiter-wohnungsbau-m-w-d-8\/","url":"https:\/\/buo.de\/bau\/karriere\/job\/bauleiter-wohnungsbau-m-w-d-8\/","name":"Bauleiter Wohnungsbau (m\/w\/d) - B&O Bau","isPartOf":{"@id":"https:\/\/buo.de\/bau\/#website"},"datePublished":"2026-04-29T11:00:15+00:00","breadcrumb":{"@id":"https:\/\/buo.de\/bau\/karriere\/job\/bauleiter-wohnungsbau-m-w-d-8\/#breadcrumb"},"inLanguage":"de","potentialAction":[{"@type":"ReadAction","target":["https:\/\/buo.de\/bau\/karriere\/job\/bauleiter-wohnungsbau-m-w-d-8\/"]}]},{"@type":"BreadcrumbList","@id":"https:\/\/buo.de\/bau\/karriere\/job\/bauleiter-wohnungsbau-m-w-d-8\/#breadcrumb","itemListElement":[{"@type":"ListItem","position":1,"name":"Start","item":"https:\/\/buo.de\/bau\/"},{"@type":"ListItem","position":2,"name":"Bauleiter Wohnungsbau (m\/w\/d)"}]},{"@type":"WebSite","@id":"https:\/\/buo.de\/bau\/#website","url":"https:\/\/buo.de\/bau\/","name":"B&O Bau","description":"Das Pilotprojekt\u202fumfasst eine dreigeschossige Nachverdichtung ohne Fl\u00e4chenversiegelung, gepaart mit einer f\u00fcnfgeschossigen seriellen Fassadensanierung im bewohnten Zustand.\u00a0","publisher":{"@id":"https:\/\/buo.de\/bau\/#organization"},"potentialAction":[{"@type":"SearchAction","target":{"@type":"EntryPoint","urlTemplate":"https:\/\/buo.de\/bau\/?s={search_term_string}"},"query-input":{"@type":"PropertyValueSpecification","valueRequired":true,"valueName":"search_term_string"}}],"inLanguage":"de"},{"@type":"Organization","@id":"https:\/\/buo.de\/bau\/#organization","name":"B&O Bau GmbH","url":"https:\/\/buo.de\/bau\/","logo":{"@type":"ImageObject","inLanguage":"de","@id":"https:\/\/buo.de\/bau\/#\/schema\/logo\/image\/","url":"https:\/\/buo.de\/bau\/wp-content\/uploads\/sites\/2\/2026\/03\/Logo_BO_Bau_RGB-1.png","contentUrl":"https:\/\/buo.de\/bau\/wp-content\/uploads\/sites\/2\/2026\/03\/Logo_BO_Bau_RGB-1.png","width":1095,"height":827,"caption":"B&O Bau GmbH"},"image":{"@id":"https:\/\/buo.de\/bau\/#\/schema\/logo\/image\/"},"sameAs":["https:\/\/www.youtube.com\/@BuOBau","https:\/\/www.linkedin.com\/company\/18550887\/"]}]}},"_links":{"self":[{"href":"https:\/\/buo.de\/bau\/wp-json\/wp\/v2\/job\/67831","targetHints":{"allow":["GET"]}}],"collection":[{"href":"https:\/\/buo.de\/bau\/wp-json\/wp\/v2\/job"}],"about":[{"href":"https:\/\/buo.de\/bau\/wp-json\/wp\/v2\/types\/job"}],"wp:attachment":[{"href":"https:\/\/buo.de\/bau\/wp-json\/wp\/v2\/media?parent=67831"}],"curies":[{"name":"wp","href":"https:\/\/api.w.org\/{rel}","templated":true}]}}

<p><strong>B&amp;O Bau – Wir denken Bauen neu.</strong></p>
<p>Als Generalunternehmer gestalten wir deutschlandweit bezahlbaren Wohnraum – durch Sanierung, Modernisierung, Aufstockung und Neubau. Mit Holz- und Hybridbauweise aus eigener Produktion setzen wir auf nachhaltige Lösungen. In unserem Forschungszentrum in Bad Aibling entwickeln wir innovative Baukonzepte, die Klimaschutz, Wirtschaftlichkeit und soziale Verantwortung vereinen. Mit über 900 Mitarbeitenden gestalten wir ein dynamisches Unternehmen im Wandel – mit einer klaren Vision: Bauen radikal neu denken – nachhaltig, effizient, bezahlbar.</p>
<p>Für unseren <strong>Standort Stuttgart</strong>&nbsp;suchen wir einen motivierten&nbsp;<strong>Bauleiter (m/w/d)</strong>.</p>
<p><b> Das erwartet Sie </b></p>
<ul>
<li>Verantwortung für die<strong> Bauleitung</strong> im Bereich <strong>Neubau </strong>und <strong>Sanierung</strong></li>
<li><strong>Kostenkontrolle</strong>, <strong>Abrechnung </strong>sowie Sicherstellung der <strong>Wirtschaftlichkeit</strong> von Bauprojekten</li>
<li>Terminplanung, Überwachung und Einhaltung der <strong>Bauzeitenpläne</strong></li>
<li><strong>Koordination </strong>der <strong>Gewerke</strong> und <strong>Zusammenarbeit</strong> mit allen<strong> Projektpartnern</strong></li>
<li>Technische Klärung sowie Vergabe und Steuerung von <strong>Nachunternehmerleistungen</strong></li>
<li><strong>Leitung </strong>von <strong>Baubesprechungen</strong> und <strong>Unterstützung </strong>der <strong>Projektleitung</strong> in operativen und technischen Belangen</li>
</ul>
<p><b>Das bringen Sie mit </b></p>
<ul>
<li>Abgeschlossenes Studium im <strong>Bauingenieurwesen</strong>, <strong>Architektur </strong>oder<strong> vergleichbare technische Ausbildung</strong> (z. B. Bautechniker:in oder Meister:in im Bauhandwerk)</li>
<li>Mehrjährige <strong>Erfahrung </strong>in der <strong>Bauleitung</strong>, insbesondere im <strong>Wohnungsneubau </strong>und in der <strong>Sanierung</strong></li>
<li>Fundierte Kenntnisse in <strong>Baurecht</strong>, <strong>VOB </strong>und <strong>moderner Bautechnik</strong></li>
<li>Führungserfahrung sowie Fähigkeit zur <strong>Motivation von Teams</strong></li>
<li>Sicherer Umgang mit <strong>Bausoftware </strong>(z. B. AVA, MS Project) und<strong> MS Office</strong></li>
<li><strong>Organisationstalent, Durchsetzungsfähigkeit </strong>und lösungsorientierte Arbeitsweise<strong>; Führerschein Klasse B </strong>erforderlich</li>
<li><span>Sehr gute <strong>Deutschkenntnisse </strong>in Wort und Schrift (mindestens <strong>C1-Niveau</strong>)</span></li>
</ul>
<p><b>Das bieten wir Ihnen</b></p>
<p>🔒<strong>&nbsp;Sicherer Arbeitsplatz &#8211;&nbsp;</strong>langfristige Perspektive in einem wachsenden Unternehmen<br />⚖️&nbsp;<strong>Work-Life-Balance</strong>&nbsp;&#8211; 30 Tage Urlaub&nbsp;<br />🚗&nbsp;<strong>Firmenwagen</strong>&nbsp;&#8211; auch zur privaten Nutzung<br />📚&nbsp;<strong>Zukunft gestalten</strong>&nbsp;&#8211; Fort- und Weiterbildungsmöglichkeiten<br />🤝&nbsp;<strong>Teamspirit&nbsp;</strong>&#8211; Unterstützendes und offenes Miteinander &amp; regelmäßige Teamevents<br />🎁&nbsp;<strong>Attraktive Mitarbeiterbenefits</strong> &#8211; <span>JobRad, Mitarbeiterrabatte, Wellpass, Sonderkonditionen im B&amp;O Parkhotel</span></p>
<p><strong>Sie finden sich hier wieder und wollen mit uns in eine gemeinsame und nachhaltige Zukunft starten?</strong><br />Dann zögern Sie nicht und bewerben Sie sich jetzt! Wir freuen uns auf Ihre Bewerbung!</p>
<p>Weitere Informationen erhalten Sie unter:&nbsp;<a href="https://buo.de/bau/karriere/?utm_source=stellenanzeige&amp;utm_medium=referral&amp;utm_campaign=bauleiterimwohnungsbau&amp;utm_id=Bauleiter+im+Wohnungsbau+%28m%2Fw%2Fd%29" rel="nofollow">www.buo.de/bau/karriere</a></p>
<p>&nbsp;</p>

<!-- This site is optimized with the Yoast SEO plugin v27.1.1 - https://yoast.com/product/yoast-seo-wordpress/ -->
<title>Bauleiter Wohnungsbau (m/w/d) - B&amp;O Bau</title>
<meta name="robots" content="index, follow, max-snippet:-1, max-image-preview:large, max-video-preview:-1" />
<link rel="canonical" href="https://buo.de/bau/karriere/job/bauleiter-wohnungsbau-m-w-d-8/" />
<meta property="og:locale" content="de_DE" />
<meta property="og:type" content="article" />
<meta property="og:title" content="Bauleiter Wohnungsbau (m/w/d) - B&amp;O Bau" />
<meta property="og:description" content="B&amp;O Bau – Wir denken Bauen neu. Als Generalunternehmer gestalten wir deutschlandweit bezahlbaren Wohnraum – durch Sanierung, Modernisierung, Aufstockung und Neubau. Mit Holz- und Hybridbauweise aus eigener Produktion setzen wir auf nachhaltige Lösungen. In unserem Forschungszentrum in Bad Aibling entwickeln wir innovative Baukonzepte, die Klimaschutz, Wirtschaftlichkeit und soziale Verantwortung vereinen. Mit über 900 Mitarbeitenden gestalten..." />
<meta property="og:url" content="https://buo.de/bau/karriere/job/bauleiter-wohnungsbau-m-w-d-8/" />
<meta property="og:site_name" content="B&amp;O Bau" />
<meta property="article:publisher" content="https://www.youtube.com/@BuOBau" />
<meta property="og:image" content="https://buo.de/bau/wp-content/uploads/sites/2/2025/07/Holz_8_Bad_Aibling-1-1024x576.png" />
	<meta property="og:image:width" content="1024" />
	<meta property="og:image:height" content="576" />
	<meta property="og:image:type" content="image/png" />
<meta name="twitter:card" content="summary_large_image" />
<meta name="twitter:label1" content="Geschätzte Lesezeit" />
	<meta name="twitter:data1" content="2 Minuten" />
<script type="application/ld+json" class="yoast-schema-graph">{"@context":"https://schema.org","@graph":[{"@type":"WebPage","@id":"https://buo.de/bau/karriere/job/bauleiter-wohnungsbau-m-w-d-8/","url":"https://buo.de/bau/karriere/job/bauleiter-wohnungsbau-m-w-d-8/","name":"Bauleiter Wohnungsbau (m/w/d) - B&O Bau","isPartOf":{"@id":"https://buo.de/bau/#website"},"datePublished":"2026-04-29T11:00:15+00:00","breadcrumb":{"@id":"https://buo.de/bau/karriere/job/bauleiter-wohnungsbau-m-w-d-8/#breadcrumb"},"inLanguage":"de","potentialAction":[{"@type":"ReadAction","target":["https://buo.de/bau/karriere/job/bauleiter-wohnungsbau-m-w-d-8/"]}]},{"@type":"BreadcrumbList","@id":"https://buo.de/bau/karriere/job/bauleiter-wohnungsbau-m-w-d-8/#breadcrumb","itemListElement":[{"@type":"ListItem","position":1,"name":"Start","item":"https://buo.de/bau/"},{"@type":"ListItem","position":2,"name":"Bauleiter Wohnungsbau (m/w/d)"}]},{"@type":"WebSite","@id":"https://buo.de/bau/#website","url":"https://buo.de/bau/","name":"B&O Bau","description":"Das Pilotprojekt umfasst eine dreigeschossige Nachverdichtung ohne Flächenversiegelung, gepaart mit einer fünfgeschossigen seriellen Fassadensanierung im bewohnten Zustand. ","publisher":{"@id":"https://buo.de/bau/#organization"},"potentialAction":[{"@type":"SearchAction","target":{"@type":"EntryPoint","urlTemplate":"https://buo.de/bau/?s={search_term_string}"},"query-input":{"@type":"PropertyValueSpecification","valueRequired":true,"valueName":"search_term_string"}}],"inLanguage":"de"},{"@type":"Organization","@id":"https://buo.de/bau/#organization","name":"B&O Bau GmbH","url":"https://buo.de/bau/","logo":{"@type":"ImageObject","inLanguage":"de","@id":"https://buo.de/bau/#/schema/logo/image/","url":"https://buo.de/bau/wp-content/uploads/sites/2/2026/03/Logo_BO_Bau_RGB-1.png","contentUrl":"https://buo.de/bau/wp-content/uploads/sites/2/2026/03/Logo_BO_Bau_RGB-1.png","width":1095,"height":827,"caption":"B&O Bau GmbH"},"image":{"@id":"https://buo.de/bau/#/schema/logo/image/"},"sameAs":["https://www.youtube.com/@BuOBau","https://www.linkedin.com/company/18550887/"]}]}</script>
<!-- / Yoast SEO plugin. -->

B&amp;O Bau – Wir denken Bauen neu. Als Generalunternehmer gestalten wir deutschlandweit bezahlbaren Wohnraum – durch Sanierung, Modernisierung, Aufstockung und Neubau. Mit Holz- und Hybridbauweise aus eigener Produktion setzen wir auf nachhaltige Lösungen. In unserem Forschungszentrum in Bad Aibling entwickeln wir innovative Baukonzepte, die Klimaschutz, Wirtschaftlichkeit und soziale Verantwortung vereinen. Mit über 900 Mitarbeitenden gestalten...

Das Pilotprojekt umfasst eine dreigeschossige Nachverdichtung ohne Flächenversiegelung, gepaart mit einer fünfgeschossigen seriellen Fassadensanierung im bewohnten Zustand.
