{"id":79483,"date":"2026-04-29T02:04:38","date_gmt":"2026-04-29T00:04:38","guid":{"rendered":"https:\/\/buo.de\/service\/karriere\/job\/maler-und-lackierer-m-w-d-2\/"},"modified":"2026-04-29T02:04:38","modified_gmt":"2026-04-29T00:04:38","slug":"maler-und-lackierer-m-w-d-2","status":"publish","type":"job","link":"https:\/\/buo.de\/service\/karriere\/job\/maler-und-lackierer-m-w-d-2\/","title":{"rendered":"Maler und Lackierer (m\/w\/d)"},"content":{"rendered":"<h2>Ihre Aufgaben<\/h2>\n<ul>\n<li>Du \u00fcbernimmst die Instandsetzen von Wandbeschichtungen jeglicher Art.<\/li>\n<li>Du f\u00fchrst kleine Putz und Spachtelarbeiten durch.<\/li>\n<li>Du erneuerst dauerelastischen Fugen.<\/li>\n<li>Du erstellst Schimmelprotokolle.<\/li>\n<li>Du entfernst Schimmel.<\/li>\n<li>Du verlegst Bodenbel\u00e4ge.<\/li>\n<\/ul>\n<h2>Ihr Profil<\/h2>\n<ul>\n<li>Du hast eine abgeschlossene Berufsausbildung als Maler und Lackierer (m\/w\/d) oder mehrj\u00e4hrige Berufserfahrung in diesem Bereich.<\/li>\n<li>Du besitzt einen F\u00fchrerschein der Klasse B.<\/li>\n<\/ul>\n<h2>Unser Angebot<\/h2>\n<ul>\n<li>Attraktive Bezahlung: Dein attraktives Gehalt erh\u00e4ltst du p\u00fcnktlich zum Monatsende. Deine Fahrzeiten sind bei uns ab Minute 1 Arbeitszeit und werden verg\u00fctet.\u00a0<\/li>\n<li>Sicherheit: Eine unbefristete Anstellung in einem krisensicheren Umfeld ist f\u00fcr uns selbstverst\u00e4ndlich. Zus\u00e4tzlich profitierst du von einer betrieblichen Altersvorsorge und einer Gruppenunfallversicherung.\u00a0<\/li>\n<li>Top Ausstattung: Du bekommst ein vollausgestattetes Servicefahrzeug (nat\u00fcrlich inkl. Tankkarte) zur beruflichen Nutzung ab deinem Wohnort. Hochwertiges Werkzeug, Marken-Arbeitskleidung sowie ein modernes Tablet und Handy erh\u00e4ltst du ebenfalls ab deinem ersten Tag.\u202f\u202f\u00a0<\/li>\n<li>Erholung: Bei uns genie\u00dft du 30 Tage Erholungsurlaub und Urlaubsgeld. F\u00fcr besondere Anl\u00e4sse erh\u00e4ltst du zus\u00e4tzliche freie Tage.\u202f\u00a0<\/li>\n<li>Weiterentwicklung: Mit einem auf dich zugeschnittenen Entwicklungsplan und regelm\u00e4\u00dfigen Feedbackgespr\u00e4chen kannst du dich pers\u00f6nlich und fachlich vollkommen entfalten. Bei guten Leistungen hast du auch die Chance auf eine finanzierte Meisterausbildung.\u00a0<\/li>\n<li>Wohlf\u00fchlen: Mit unserer digitalen und mobilen Zeiterfassung genie\u00dft du maximale Freiheit f\u00fcr eine gute Work-Life-Balance. Hole dir deinen t\u00e4glichen Ausgleich mit einem JobRad oder profitiere von unserer Kooperation mit Urban Sports &amp; Egym Wellpass.\u00a0<\/li>\n<li>Kindergartenzuschuss: Die Vereinbarkeit von Familie und Beruf ist uns wichtig. Deswegen unterst\u00fctzen wir dich monatlich mit einem steuerfreien Betrag in H\u00f6he von 100,00 Euro f\u00fcr Kinderbetreuungseinrichtungen.\u00a0<\/li>\n<li>Noch mehr Benefits: Du kannst in \u00fcber 600 Shops verg\u00fcnstigt einkaufen und einmal j\u00e4hrlich mit deiner Familie von Angeboten im B&amp;O Parkhotel in Bad Aibling profitieren.<\/li>\n<\/ul>\n","protected":false},"featured_media":0,"template":"","class_list":["post-79483","job","type-job","status-publish","hentry"],"acf":[],"yoast_head":"<!-- This site is optimized with the Yoast SEO plugin v27.1.1 - https:\/\/yoast.com\/product\/yoast-seo-wordpress\/ -->\n<title>Maler und Lackierer (m\/w\/d) - B&amp;O Service<\/title>\n<meta name=\"robots\" content=\"index, follow, max-snippet:-1, max-image-preview:large, max-video-preview:-1\" \/>\n<link rel=\"canonical\" href=\"https:\/\/buo.de\/service\/karriere\/job\/maler-und-lackierer-m-w-d-2\/\" \/>\n<meta property=\"og:locale\" content=\"de_DE\" \/>\n<meta property=\"og:type\" content=\"article\" \/>\n<meta property=\"og:title\" content=\"Maler und Lackierer (m\/w\/d) - B&amp;O Service\" \/>\n<meta property=\"og:description\" content=\"Ihre Aufgaben Du \u00fcbernimmst die Instandsetzen von Wandbeschichtungen jeglicher Art. Du f\u00fchrst kleine Putz und Spachtelarbeiten durch. Du erneuerst dauerelastischen Fugen. Du erstellst Schimmelprotokolle. Du entfernst Schimmel. Du verlegst Bodenbel\u00e4ge. Ihr Profil Du hast eine abgeschlossene Berufsausbildung als Maler und Lackierer (m\/w\/d) oder mehrj\u00e4hrige Berufserfahrung in diesem Bereich. Du besitzt einen F\u00fchrerschein der Klasse B....\" \/>\n<meta property=\"og:url\" content=\"https:\/\/buo.de\/service\/karriere\/job\/maler-und-lackierer-m-w-d-2\/\" \/>\n<meta property=\"og:site_name\" content=\"B&amp;O Service\" \/>\n<meta name=\"twitter:card\" content=\"summary_large_image\" \/>\n<meta name=\"twitter:label1\" content=\"Gesch\u00e4tzte Lesezeit\" \/>\n\t<meta name=\"twitter:data1\" content=\"1\u00a0Minute\" \/>\n<script type=\"application\/ld+json\" class=\"yoast-schema-graph\">{\"@context\":\"https:\/\/schema.org\",\"@graph\":[{\"@type\":\"WebPage\",\"@id\":\"https:\/\/buo.de\/service\/karriere\/job\/maler-und-lackierer-m-w-d-2\/\",\"url\":\"https:\/\/buo.de\/service\/karriere\/job\/maler-und-lackierer-m-w-d-2\/\",\"name\":\"Maler und Lackierer (m\/w\/d) - B&O Service\",\"isPartOf\":{\"@id\":\"https:\/\/buo.de\/service\/#website\"},\"datePublished\":\"2026-04-29T00:04:38+00:00\",\"breadcrumb\":{\"@id\":\"https:\/\/buo.de\/service\/karriere\/job\/maler-und-lackierer-m-w-d-2\/#breadcrumb\"},\"inLanguage\":\"de\",\"potentialAction\":[{\"@type\":\"ReadAction\",\"target\":[\"https:\/\/buo.de\/service\/karriere\/job\/maler-und-lackierer-m-w-d-2\/\"]}]},{\"@type\":\"BreadcrumbList\",\"@id\":\"https:\/\/buo.de\/service\/karriere\/job\/maler-und-lackierer-m-w-d-2\/#breadcrumb\",\"itemListElement\":[{\"@type\":\"ListItem\",\"position\":1,\"name\":\"Startseite\",\"item\":\"https:\/\/buo.de\/service\/\"},{\"@type\":\"ListItem\",\"position\":2,\"name\":\"Maler und Lackierer (m\/w\/d)\"}]},{\"@type\":\"WebSite\",\"@id\":\"https:\/\/buo.de\/service\/#website\",\"url\":\"https:\/\/buo.de\/service\/\",\"name\":\"B&O Service\",\"description\":\"\",\"potentialAction\":[{\"@type\":\"SearchAction\",\"target\":{\"@type\":\"EntryPoint\",\"urlTemplate\":\"https:\/\/buo.de\/service\/?s={search_term_string}\"},\"query-input\":{\"@type\":\"PropertyValueSpecification\",\"valueRequired\":true,\"valueName\":\"search_term_string\"}}],\"inLanguage\":\"de\"}]}<\/script>\n<!-- \/ Yoast SEO plugin. -->","yoast_head_json":{"title":"Maler und Lackierer (m\/w\/d) - B&O Service","robots":{"index":"index","follow":"follow","max-snippet":"max-snippet:-1","max-image-preview":"max-image-preview:large","max-video-preview":"max-video-preview:-1"},"canonical":"https:\/\/buo.de\/service\/karriere\/job\/maler-und-lackierer-m-w-d-2\/","og_locale":"de_DE","og_type":"article","og_title":"Maler und Lackierer (m\/w\/d) - B&O Service","og_description":"Ihre Aufgaben Du \u00fcbernimmst die Instandsetzen von Wandbeschichtungen jeglicher Art. Du f\u00fchrst kleine Putz und Spachtelarbeiten durch. Du erneuerst dauerelastischen Fugen. Du erstellst Schimmelprotokolle. Du entfernst Schimmel. Du verlegst Bodenbel\u00e4ge. Ihr Profil Du hast eine abgeschlossene Berufsausbildung als Maler und Lackierer (m\/w\/d) oder mehrj\u00e4hrige Berufserfahrung in diesem Bereich. Du besitzt einen F\u00fchrerschein der Klasse B....","og_url":"https:\/\/buo.de\/service\/karriere\/job\/maler-und-lackierer-m-w-d-2\/","og_site_name":"B&O Service","twitter_card":"summary_large_image","twitter_misc":{"Gesch\u00e4tzte Lesezeit":"1\u00a0Minute"},"schema":{"@context":"https:\/\/schema.org","@graph":[{"@type":"WebPage","@id":"https:\/\/buo.de\/service\/karriere\/job\/maler-und-lackierer-m-w-d-2\/","url":"https:\/\/buo.de\/service\/karriere\/job\/maler-und-lackierer-m-w-d-2\/","name":"Maler und Lackierer (m\/w\/d) - B&O Service","isPartOf":{"@id":"https:\/\/buo.de\/service\/#website"},"datePublished":"2026-04-29T00:04:38+00:00","breadcrumb":{"@id":"https:\/\/buo.de\/service\/karriere\/job\/maler-und-lackierer-m-w-d-2\/#breadcrumb"},"inLanguage":"de","potentialAction":[{"@type":"ReadAction","target":["https:\/\/buo.de\/service\/karriere\/job\/maler-und-lackierer-m-w-d-2\/"]}]},{"@type":"BreadcrumbList","@id":"https:\/\/buo.de\/service\/karriere\/job\/maler-und-lackierer-m-w-d-2\/#breadcrumb","itemListElement":[{"@type":"ListItem","position":1,"name":"Startseite","item":"https:\/\/buo.de\/service\/"},{"@type":"ListItem","position":2,"name":"Maler und Lackierer (m\/w\/d)"}]},{"@type":"WebSite","@id":"https:\/\/buo.de\/service\/#website","url":"https:\/\/buo.de\/service\/","name":"B&O Service","description":"","potentialAction":[{"@type":"SearchAction","target":{"@type":"EntryPoint","urlTemplate":"https:\/\/buo.de\/service\/?s={search_term_string}"},"query-input":{"@type":"PropertyValueSpecification","valueRequired":true,"valueName":"search_term_string"}}],"inLanguage":"de"}]}},"_links":{"self":[{"href":"https:\/\/buo.de\/service\/wp-json\/wp\/v2\/job\/79483","targetHints":{"allow":["GET"]}}],"collection":[{"href":"https:\/\/buo.de\/service\/wp-json\/wp\/v2\/job"}],"about":[{"href":"https:\/\/buo.de\/service\/wp-json\/wp\/v2\/types\/job"}],"wp:attachment":[{"href":"https:\/\/buo.de\/service\/wp-json\/wp\/v2\/media?parent=79483"}],"curies":[{"name":"wp","href":"https:\/\/api.w.org\/{rel}","templated":true}]}}

<h2>Ihre Aufgaben</h2>
<ul>
<li>Du übernimmst die Instandsetzen von Wandbeschichtungen jeglicher Art.</li>
<li>Du führst kleine Putz und Spachtelarbeiten durch.</li>
<li>Du erneuerst dauerelastischen Fugen.</li>
<li>Du erstellst Schimmelprotokolle.</li>
<li>Du entfernst Schimmel.</li>
<li>Du verlegst Bodenbeläge.</li>
</ul>
<h2>Ihr Profil</h2>
<ul>
<li>Du hast eine abgeschlossene Berufsausbildung als Maler und Lackierer (m/w/d) oder mehrjährige Berufserfahrung in diesem Bereich.</li>
<li>Du besitzt einen Führerschein der Klasse B.</li>
</ul>
<h2>Unser Angebot</h2>
<ul>
<li>Attraktive Bezahlung: Dein attraktives Gehalt erhältst du pünktlich zum Monatsende. Deine Fahrzeiten sind bei uns ab Minute 1 Arbeitszeit und werden vergütet. </li>
<li>Sicherheit: Eine unbefristete Anstellung in einem krisensicheren Umfeld ist für uns selbstverständlich. Zusätzlich profitierst du von einer betrieblichen Altersvorsorge und einer Gruppenunfallversicherung. </li>
<li>Top Ausstattung: Du bekommst ein vollausgestattetes Servicefahrzeug (natürlich inkl. Tankkarte) zur beruflichen Nutzung ab deinem Wohnort. Hochwertiges Werkzeug, Marken-Arbeitskleidung sowie ein modernes Tablet und Handy erhältst du ebenfalls ab deinem ersten Tag.   </li>
<li>Erholung: Bei uns genießt du 30 Tage Erholungsurlaub und Urlaubsgeld. Für besondere Anlässe erhältst du zusätzliche freie Tage.  </li>
<li>Weiterentwicklung: Mit einem auf dich zugeschnittenen Entwicklungsplan und regelmäßigen Feedbackgesprächen kannst du dich persönlich und fachlich vollkommen entfalten. Bei guten Leistungen hast du auch die Chance auf eine finanzierte Meisterausbildung. </li>
<li>Wohlfühlen: Mit unserer digitalen und mobilen Zeiterfassung genießt du maximale Freiheit für eine gute Work-Life-Balance. Hole dir deinen täglichen Ausgleich mit einem JobRad oder profitiere von unserer Kooperation mit Urban Sports &amp; Egym Wellpass. </li>
<li>Kindergartenzuschuss: Die Vereinbarkeit von Familie und Beruf ist uns wichtig. Deswegen unterstützen wir dich monatlich mit einem steuerfreien Betrag in Höhe von 100,00 Euro für Kinderbetreuungseinrichtungen. </li>
<li>Noch mehr Benefits: Du kannst in über 600 Shops vergünstigt einkaufen und einmal jährlich mit deiner Familie von Angeboten im B&amp;O Parkhotel in Bad Aibling profitieren.</li>
</ul>

<!-- This site is optimized with the Yoast SEO plugin v27.1.1 - https://yoast.com/product/yoast-seo-wordpress/ -->
<title>Maler und Lackierer (m/w/d) - B&amp;O Service</title>
<meta name="robots" content="index, follow, max-snippet:-1, max-image-preview:large, max-video-preview:-1" />
<link rel="canonical" href="https://buo.de/service/karriere/job/maler-und-lackierer-m-w-d-2/" />
<meta property="og:locale" content="de_DE" />
<meta property="og:type" content="article" />
<meta property="og:title" content="Maler und Lackierer (m/w/d) - B&amp;O Service" />
<meta property="og:description" content="Ihre Aufgaben Du übernimmst die Instandsetzen von Wandbeschichtungen jeglicher Art. Du führst kleine Putz und Spachtelarbeiten durch. Du erneuerst dauerelastischen Fugen. Du erstellst Schimmelprotokolle. Du entfernst Schimmel. Du verlegst Bodenbeläge. Ihr Profil Du hast eine abgeschlossene Berufsausbildung als Maler und Lackierer (m/w/d) oder mehrjährige Berufserfahrung in diesem Bereich. Du besitzt einen Führerschein der Klasse B...." />
<meta property="og:url" content="https://buo.de/service/karriere/job/maler-und-lackierer-m-w-d-2/" />
<meta property="og:site_name" content="B&amp;O Service" />
<meta name="twitter:card" content="summary_large_image" />
<meta name="twitter:label1" content="Geschätzte Lesezeit" />
	<meta name="twitter:data1" content="1 Minute" />
<script type="application/ld+json" class="yoast-schema-graph">{"@context":"https://schema.org","@graph":[{"@type":"WebPage","@id":"https://buo.de/service/karriere/job/maler-und-lackierer-m-w-d-2/","url":"https://buo.de/service/karriere/job/maler-und-lackierer-m-w-d-2/","name":"Maler und Lackierer (m/w/d) - B&O Service","isPartOf":{"@id":"https://buo.de/service/#website"},"datePublished":"2026-04-29T00:04:38+00:00","breadcrumb":{"@id":"https://buo.de/service/karriere/job/maler-und-lackierer-m-w-d-2/#breadcrumb"},"inLanguage":"de","potentialAction":[{"@type":"ReadAction","target":["https://buo.de/service/karriere/job/maler-und-lackierer-m-w-d-2/"]}]},{"@type":"BreadcrumbList","@id":"https://buo.de/service/karriere/job/maler-und-lackierer-m-w-d-2/#breadcrumb","itemListElement":[{"@type":"ListItem","position":1,"name":"Startseite","item":"https://buo.de/service/"},{"@type":"ListItem","position":2,"name":"Maler und Lackierer (m/w/d)"}]},{"@type":"WebSite","@id":"https://buo.de/service/#website","url":"https://buo.de/service/","name":"B&O Service","description":"","potentialAction":[{"@type":"SearchAction","target":{"@type":"EntryPoint","urlTemplate":"https://buo.de/service/?s={search_term_string}"},"query-input":{"@type":"PropertyValueSpecification","valueRequired":true,"valueName":"search_term_string"}}],"inLanguage":"de"}]}</script>
<!-- / Yoast SEO plugin. -->

Ihre Aufgaben Du übernimmst die Instandsetzen von Wandbeschichtungen jeglicher Art. Du führst kleine Putz und Spachtelarbeiten durch. Du erneuerst dauerelastischen Fugen. Du erstellst Schimmelprotokolle. Du entfernst Schimmel. Du verlegst Bodenbeläge. Ihr Profil Du hast eine abgeschlossene Berufsausbildung als Maler und Lackierer (m/w/d) oder mehrjährige Berufserfahrung in diesem Bereich. Du besitzt einen Führerschein der Klasse B....
