{"id":79869,"date":"2026-04-30T02:05:03","date_gmt":"2026-04-30T00:05:03","guid":{"rendered":"https:\/\/buo.de\/service\/karriere\/job\/marketing-allrounder-b2b-und-projektmanagement-m-w-d\/"},"modified":"2026-04-30T02:05:03","modified_gmt":"2026-04-30T00:05:03","slug":"marketing-allrounder-b2b-und-projektmanagement-m-w-d","status":"publish","type":"job","link":"https:\/\/buo.de\/service\/karriere\/job\/marketing-allrounder-b2b-und-projektmanagement-m-w-d\/","title":{"rendered":"Marketing-Allrounder B2B und Projektmanagement (m\/w\/d)"},"content":{"rendered":"<p>Du bist ein vielseitiger Marketingprofi (m\/w\/d), der sich im B2B-Umfeld zu Hause f\u00fchlt? Du arbeitest strukturiert, kreativ und liebst es, Marketingprojekte eigenst\u00e4ndig voranzutreiben? Du m\u00f6chtest deine F\u00e4higkeiten in einem modernen, inhabergef\u00fchrten Unternehmen einbringen und Marketing sicht- und messbar gestalten? Dann k\u00f6nnte diese Position genau das Richtige f\u00fcr dich sein.<\/p>\n<p> Wir suchen zum n\u00e4chstm\u00f6glichen Zeitpunkt einen<b> Marketing-Allrounder B2B und Projektmanagement (m\/w\/d)<\/b>\u00a0zur Verst\u00e4rkung unseres Teams am <b>Standort Bad Aibling oder Berlin.<\/b><\/p>\n<h2>Ihre Aufgaben<\/h2>\n<ul>\n<li>Du planst, steuerst und koordinierst eigenst\u00e4ndig Marketingprojekte \u2013 von der Idee \u00fcber die Umsetzung bis zum erfolgreichen Abschluss<\/li>\n<li>Du bringst kreative Ideen in Kampagnen ein und unterst\u00fctzt bei der Erstellung, Weiterentwicklung und Adaption von Kampagnenassets.<\/li>\n<li>Du pflegst und verwaltest unsere Bilddatenbank, sorgst f\u00fcr eine effiziente Struktur sowie hohe Datenqualit\u00e4t und treibst gemeinsam mit externen Partnern die Erstellung und Erweiterung unseres Bildmaterials voran.<\/li>\n<li>Du treibst Ma\u00dfnahmen zur Steigerung und Optimierung unserer Online-Rezensionen (z.\u202fB. Google Reviews) aktiv voran<\/li>\n<li>Du koordinierst Bestellprozesse f\u00fcr Marketing-Assets und betreust unseren Werbemittelshop im Tagesgesch\u00e4ft<\/li>\n<li>Du betreust und pflegst unseren YouTube-Kanal, bereitest Inhalte auf und stellst sicher, dass dieser kontinuierlich ausgebaut und aktuell gehalten wird.<\/li>\n<li>Du erstellst professionelle Pr\u00e4sentationen und Kommunikationsunterlagen f\u00fcr interne und externe Zielgruppen<\/li>\n<\/ul>\n<h2>Ihr Profil<\/h2>\n<ul>\n<li>Du verf\u00fcgst \u00fcber ein abgeschlossenes Studium im Bereich Marketing, Kommunikation oder eine vergleichbare Qualifikation<\/li>\n<li>Du konntest bereits erste Berufserfahrung im Marketing sammeln \u2013 idealerweise im B2B-Umfeld<\/li>\n<li>Du hast ein gutes Gesp\u00fcr f\u00fcr zielgruppengerechte Kommunikation und Inhalte<\/li>\n<li>Erste Kenntnisse in Datenorganisation, Asset-Management oder Review-Management sind ein Plus<\/li>\n<li>Du bringst digitale Affinit\u00e4t mit und hast Erfahrung im Umgang mit g\u00e4ngigen Marketing-Tools und -Kan\u00e4len (z.\u202fB. Adobe Creative Cloud, PowerPoint, YouTube).<\/li>\n<li>Du verf\u00fcgst \u00fcber ein ausgepr\u00e4gtes Text- und Grafikverst\u00e4ndnis sowie ein gutes Gesp\u00fcr f\u00fcr Markenauftritte und visuelle Inhalte.<\/li>\n<li>Themen rund um Wohnen, Bauen und innovative Servicekonzepte begeistern dich und motivieren dich in deiner t\u00e4glichen Arbeit.<\/li>\n<\/ul>\n<h2>Unser Angebot<\/h2>\n<p><b>Top<\/b><b> Ausstattung:<\/b> An deinem ersten Tag wirst du mit modernster Technik ausgestattet und kannst von \u00fcberall arbeiten: mal im Office, mal zu Hause, mal Hybrid.<\/p>\n<p><b>Flexible Arbeitszeiten:<\/b> Teil dir deine Arbeitstage so ein, wie es f\u00fcr dich am besten passt.<\/p>\n<p><b>Sicherheit:<\/b> Eine unbefristete Einstellung in einem krisensicheren Umfeld sowie eine p\u00fcnktliche Gehaltszahlung zum ersten eines Monats sind f\u00fcr uns selbstverst\u00e4ndlich.\u00a0<\/p>\n<p><b>Erholung:<\/b> Bei uns bekommst du 30 Tage Erholungsurlaub und Urlaubsgeld. F\u00fcr besondere Anl\u00e4sse genie\u00dft Du zus\u00e4tzliche freie Tage.\u00a0<\/p>\n<p><b>Wohlf\u00fchlen:<\/b> Mit unserer digitalen und mobilen Zeiterfassung genie\u00dft du maximale Freiheit f\u00fcr eine gute Work-Life-Balance. Hol dir deinen t\u00e4glichen Ausgleich mit einem JobRad \u2013 oder profitiere von unserer Kooperation mit Urban Sports Club und EGYM Wellpass.<\/p>\n<p><b>Kindergartenzuschuss:<\/b> Die Vereinbarkeit von Familie und Beruf ist uns wichtig. Deswegen unterst\u00fctzen wir dich monatlich mit einem steuerfreien Betrag in H\u00f6he von 100,00 Euro f\u00fcr Kinderbetreuungseinrichtungen, wie Kindertagesst\u00e4tten oder Kinderg\u00e4rten.<\/p>\n<p><b>Weiterentwicklung:<\/b> Mit einem auf dich zugeschnittenen Entwicklungsplan und regelm\u00e4\u00dfigen Feedbackgespr\u00e4chen kannst du dich pers\u00f6nlich und fachlich vollkommen entfalten.<\/p>\n<p><b>Noch mehr Benefits:<\/b> Neben deiner Altersvorsorge und einer Gruppenunfallversicherung kannst du in \u00fcber 600 Shops verg\u00fcnstigt einkaufen.<\/p>\n<p> Haben wir dein Interesse geweckt? Dann lass uns gerne deinen Lebenslauf zukommen. Wir freuen uns darauf, dich kennenzulernen!<\/p>\n","protected":false},"featured_media":0,"template":"","class_list":["post-79869","job","type-job","status-publish","hentry"],"acf":[],"yoast_head":"<!-- This site is optimized with the Yoast SEO plugin v27.1.1 - https:\/\/yoast.com\/product\/yoast-seo-wordpress\/ -->\n<title>Marketing-Allrounder B2B und Projektmanagement (m\/w\/d) - B&amp;O Service<\/title>\n<meta name=\"robots\" content=\"index, follow, max-snippet:-1, max-image-preview:large, max-video-preview:-1\" \/>\n<link rel=\"canonical\" href=\"https:\/\/buo.de\/service\/karriere\/job\/marketing-allrounder-b2b-und-projektmanagement-m-w-d\/\" \/>\n<meta property=\"og:locale\" content=\"de_DE\" \/>\n<meta property=\"og:type\" content=\"article\" \/>\n<meta property=\"og:title\" content=\"Marketing-Allrounder B2B und Projektmanagement (m\/w\/d) - B&amp;O Service\" \/>\n<meta property=\"og:description\" content=\"Du bist ein vielseitiger Marketingprofi (m\/w\/d), der sich im B2B-Umfeld zu Hause f\u00fchlt? Du arbeitest strukturiert, kreativ und liebst es, Marketingprojekte eigenst\u00e4ndig voranzutreiben? Du m\u00f6chtest deine F\u00e4higkeiten in einem modernen, inhabergef\u00fchrten Unternehmen einbringen und Marketing sicht- und messbar gestalten? Dann k\u00f6nnte diese Position genau das Richtige f\u00fcr dich sein. Wir suchen zum n\u00e4chstm\u00f6glichen Zeitpunkt einen...\" \/>\n<meta property=\"og:url\" content=\"https:\/\/buo.de\/service\/karriere\/job\/marketing-allrounder-b2b-und-projektmanagement-m-w-d\/\" \/>\n<meta property=\"og:site_name\" content=\"B&amp;O Service\" \/>\n<meta name=\"twitter:card\" content=\"summary_large_image\" \/>\n<meta name=\"twitter:label1\" content=\"Gesch\u00e4tzte Lesezeit\" \/>\n\t<meta name=\"twitter:data1\" content=\"3\u00a0Minuten\" \/>\n<script type=\"application\/ld+json\" class=\"yoast-schema-graph\">{\"@context\":\"https:\/\/schema.org\",\"@graph\":[{\"@type\":\"WebPage\",\"@id\":\"https:\/\/buo.de\/service\/karriere\/job\/marketing-allrounder-b2b-und-projektmanagement-m-w-d\/\",\"url\":\"https:\/\/buo.de\/service\/karriere\/job\/marketing-allrounder-b2b-und-projektmanagement-m-w-d\/\",\"name\":\"Marketing-Allrounder B2B und Projektmanagement (m\/w\/d) - B&O Service\",\"isPartOf\":{\"@id\":\"https:\/\/buo.de\/service\/#website\"},\"datePublished\":\"2026-04-30T00:05:03+00:00\",\"breadcrumb\":{\"@id\":\"https:\/\/buo.de\/service\/karriere\/job\/marketing-allrounder-b2b-und-projektmanagement-m-w-d\/#breadcrumb\"},\"inLanguage\":\"de\",\"potentialAction\":[{\"@type\":\"ReadAction\",\"target\":[\"https:\/\/buo.de\/service\/karriere\/job\/marketing-allrounder-b2b-und-projektmanagement-m-w-d\/\"]}]},{\"@type\":\"BreadcrumbList\",\"@id\":\"https:\/\/buo.de\/service\/karriere\/job\/marketing-allrounder-b2b-und-projektmanagement-m-w-d\/#breadcrumb\",\"itemListElement\":[{\"@type\":\"ListItem\",\"position\":1,\"name\":\"Startseite\",\"item\":\"https:\/\/buo.de\/service\/\"},{\"@type\":\"ListItem\",\"position\":2,\"name\":\"Marketing-Allrounder B2B und Projektmanagement (m\/w\/d)\"}]},{\"@type\":\"WebSite\",\"@id\":\"https:\/\/buo.de\/service\/#website\",\"url\":\"https:\/\/buo.de\/service\/\",\"name\":\"B&O Service\",\"description\":\"\",\"potentialAction\":[{\"@type\":\"SearchAction\",\"target\":{\"@type\":\"EntryPoint\",\"urlTemplate\":\"https:\/\/buo.de\/service\/?s={search_term_string}\"},\"query-input\":{\"@type\":\"PropertyValueSpecification\",\"valueRequired\":true,\"valueName\":\"search_term_string\"}}],\"inLanguage\":\"de\"}]}<\/script>\n<!-- \/ Yoast SEO plugin. -->","yoast_head_json":{"title":"Marketing-Allrounder B2B und Projektmanagement (m\/w\/d) - B&O Service","robots":{"index":"index","follow":"follow","max-snippet":"max-snippet:-1","max-image-preview":"max-image-preview:large","max-video-preview":"max-video-preview:-1"},"canonical":"https:\/\/buo.de\/service\/karriere\/job\/marketing-allrounder-b2b-und-projektmanagement-m-w-d\/","og_locale":"de_DE","og_type":"article","og_title":"Marketing-Allrounder B2B und Projektmanagement (m\/w\/d) - B&O Service","og_description":"Du bist ein vielseitiger Marketingprofi (m\/w\/d), der sich im B2B-Umfeld zu Hause f\u00fchlt? Du arbeitest strukturiert, kreativ und liebst es, Marketingprojekte eigenst\u00e4ndig voranzutreiben? Du m\u00f6chtest deine F\u00e4higkeiten in einem modernen, inhabergef\u00fchrten Unternehmen einbringen und Marketing sicht- und messbar gestalten? Dann k\u00f6nnte diese Position genau das Richtige f\u00fcr dich sein. Wir suchen zum n\u00e4chstm\u00f6glichen Zeitpunkt einen...","og_url":"https:\/\/buo.de\/service\/karriere\/job\/marketing-allrounder-b2b-und-projektmanagement-m-w-d\/","og_site_name":"B&O Service","twitter_card":"summary_large_image","twitter_misc":{"Gesch\u00e4tzte Lesezeit":"3\u00a0Minuten"},"schema":{"@context":"https:\/\/schema.org","@graph":[{"@type":"WebPage","@id":"https:\/\/buo.de\/service\/karriere\/job\/marketing-allrounder-b2b-und-projektmanagement-m-w-d\/","url":"https:\/\/buo.de\/service\/karriere\/job\/marketing-allrounder-b2b-und-projektmanagement-m-w-d\/","name":"Marketing-Allrounder B2B und Projektmanagement (m\/w\/d) - B&O Service","isPartOf":{"@id":"https:\/\/buo.de\/service\/#website"},"datePublished":"2026-04-30T00:05:03+00:00","breadcrumb":{"@id":"https:\/\/buo.de\/service\/karriere\/job\/marketing-allrounder-b2b-und-projektmanagement-m-w-d\/#breadcrumb"},"inLanguage":"de","potentialAction":[{"@type":"ReadAction","target":["https:\/\/buo.de\/service\/karriere\/job\/marketing-allrounder-b2b-und-projektmanagement-m-w-d\/"]}]},{"@type":"BreadcrumbList","@id":"https:\/\/buo.de\/service\/karriere\/job\/marketing-allrounder-b2b-und-projektmanagement-m-w-d\/#breadcrumb","itemListElement":[{"@type":"ListItem","position":1,"name":"Startseite","item":"https:\/\/buo.de\/service\/"},{"@type":"ListItem","position":2,"name":"Marketing-Allrounder B2B und Projektmanagement (m\/w\/d)"}]},{"@type":"WebSite","@id":"https:\/\/buo.de\/service\/#website","url":"https:\/\/buo.de\/service\/","name":"B&O Service","description":"","potentialAction":[{"@type":"SearchAction","target":{"@type":"EntryPoint","urlTemplate":"https:\/\/buo.de\/service\/?s={search_term_string}"},"query-input":{"@type":"PropertyValueSpecification","valueRequired":true,"valueName":"search_term_string"}}],"inLanguage":"de"}]}},"_links":{"self":[{"href":"https:\/\/buo.de\/service\/wp-json\/wp\/v2\/job\/79869","targetHints":{"allow":["GET"]}}],"collection":[{"href":"https:\/\/buo.de\/service\/wp-json\/wp\/v2\/job"}],"about":[{"href":"https:\/\/buo.de\/service\/wp-json\/wp\/v2\/types\/job"}],"wp:attachment":[{"href":"https:\/\/buo.de\/service\/wp-json\/wp\/v2\/media?parent=79869"}],"curies":[{"name":"wp","href":"https:\/\/api.w.org\/{rel}","templated":true}]}}

<p>Du bist ein vielseitiger Marketingprofi (m/w/d), der sich im B2B-Umfeld zu Hause fühlt? Du arbeitest strukturiert, kreativ und liebst es, Marketingprojekte eigenständig voranzutreiben? Du möchtest deine Fähigkeiten in einem modernen, inhabergeführten Unternehmen einbringen und Marketing sicht- und messbar gestalten? Dann könnte diese Position genau das Richtige für dich sein.</p>
<p> Wir suchen zum nächstmöglichen Zeitpunkt einen<b> Marketing-Allrounder B2B und Projektmanagement (m/w/d)</b> zur Verstärkung unseres Teams am <b>Standort Bad Aibling oder Berlin.</b></p>
<h2>Ihre Aufgaben</h2>
<ul>
<li>Du planst, steuerst und koordinierst eigenständig Marketingprojekte – von der Idee über die Umsetzung bis zum erfolgreichen Abschluss</li>
<li>Du bringst kreative Ideen in Kampagnen ein und unterstützt bei der Erstellung, Weiterentwicklung und Adaption von Kampagnenassets.</li>
<li>Du pflegst und verwaltest unsere Bilddatenbank, sorgst für eine effiziente Struktur sowie hohe Datenqualität und treibst gemeinsam mit externen Partnern die Erstellung und Erweiterung unseres Bildmaterials voran.</li>
<li>Du treibst Maßnahmen zur Steigerung und Optimierung unserer Online-Rezensionen (z. B. Google Reviews) aktiv voran</li>
<li>Du koordinierst Bestellprozesse für Marketing-Assets und betreust unseren Werbemittelshop im Tagesgeschäft</li>
<li>Du betreust und pflegst unseren YouTube-Kanal, bereitest Inhalte auf und stellst sicher, dass dieser kontinuierlich ausgebaut und aktuell gehalten wird.</li>
<li>Du erstellst professionelle Präsentationen und Kommunikationsunterlagen für interne und externe Zielgruppen</li>
</ul>
<h2>Ihr Profil</h2>
<ul>
<li>Du verfügst über ein abgeschlossenes Studium im Bereich Marketing, Kommunikation oder eine vergleichbare Qualifikation</li>
<li>Du konntest bereits erste Berufserfahrung im Marketing sammeln – idealerweise im B2B-Umfeld</li>
<li>Du hast ein gutes Gespür für zielgruppengerechte Kommunikation und Inhalte</li>
<li>Erste Kenntnisse in Datenorganisation, Asset-Management oder Review-Management sind ein Plus</li>
<li>Du bringst digitale Affinität mit und hast Erfahrung im Umgang mit gängigen Marketing-Tools und -Kanälen (z. B. Adobe Creative Cloud, PowerPoint, YouTube).</li>
<li>Du verfügst über ein ausgeprägtes Text- und Grafikverständnis sowie ein gutes Gespür für Markenauftritte und visuelle Inhalte.</li>
<li>Themen rund um Wohnen, Bauen und innovative Servicekonzepte begeistern dich und motivieren dich in deiner täglichen Arbeit.</li>
</ul>
<h2>Unser Angebot</h2>
<p><b>Top</b><b> Ausstattung:</b> An deinem ersten Tag wirst du mit modernster Technik ausgestattet und kannst von überall arbeiten: mal im Office, mal zu Hause, mal Hybrid.</p>
<p><b>Flexible Arbeitszeiten:</b> Teil dir deine Arbeitstage so ein, wie es für dich am besten passt.</p>
<p><b>Sicherheit:</b> Eine unbefristete Einstellung in einem krisensicheren Umfeld sowie eine pünktliche Gehaltszahlung zum ersten eines Monats sind für uns selbstverständlich. </p>
<p><b>Erholung:</b> Bei uns bekommst du 30 Tage Erholungsurlaub und Urlaubsgeld. Für besondere Anlässe genießt Du zusätzliche freie Tage. </p>
<p><b>Wohlfühlen:</b> Mit unserer digitalen und mobilen Zeiterfassung genießt du maximale Freiheit für eine gute Work-Life-Balance. Hol dir deinen täglichen Ausgleich mit einem JobRad – oder profitiere von unserer Kooperation mit Urban Sports Club und EGYM Wellpass.</p>
<p><b>Kindergartenzuschuss:</b> Die Vereinbarkeit von Familie und Beruf ist uns wichtig. Deswegen unterstützen wir dich monatlich mit einem steuerfreien Betrag in Höhe von 100,00 Euro für Kinderbetreuungseinrichtungen, wie Kindertagesstätten oder Kindergärten.</p>
<p><b>Weiterentwicklung:</b> Mit einem auf dich zugeschnittenen Entwicklungsplan und regelmäßigen Feedbackgesprächen kannst du dich persönlich und fachlich vollkommen entfalten.</p>
<p><b>Noch mehr Benefits:</b> Neben deiner Altersvorsorge und einer Gruppenunfallversicherung kannst du in über 600 Shops vergünstigt einkaufen.</p>
<p> Haben wir dein Interesse geweckt? Dann lass uns gerne deinen Lebenslauf zukommen. Wir freuen uns darauf, dich kennenzulernen!</p>

<!-- This site is optimized with the Yoast SEO plugin v27.1.1 - https://yoast.com/product/yoast-seo-wordpress/ -->
<title>Marketing-Allrounder B2B und Projektmanagement (m/w/d) - B&amp;O Service</title>
<meta name="robots" content="index, follow, max-snippet:-1, max-image-preview:large, max-video-preview:-1" />
<link rel="canonical" href="https://buo.de/service/karriere/job/marketing-allrounder-b2b-und-projektmanagement-m-w-d/" />
<meta property="og:locale" content="de_DE" />
<meta property="og:type" content="article" />
<meta property="og:title" content="Marketing-Allrounder B2B und Projektmanagement (m/w/d) - B&amp;O Service" />
<meta property="og:description" content="Du bist ein vielseitiger Marketingprofi (m/w/d), der sich im B2B-Umfeld zu Hause fühlt? Du arbeitest strukturiert, kreativ und liebst es, Marketingprojekte eigenständig voranzutreiben? Du möchtest deine Fähigkeiten in einem modernen, inhabergeführten Unternehmen einbringen und Marketing sicht- und messbar gestalten? Dann könnte diese Position genau das Richtige für dich sein. Wir suchen zum nächstmöglichen Zeitpunkt einen..." />
<meta property="og:url" content="https://buo.de/service/karriere/job/marketing-allrounder-b2b-und-projektmanagement-m-w-d/" />
<meta property="og:site_name" content="B&amp;O Service" />
<meta name="twitter:card" content="summary_large_image" />
<meta name="twitter:label1" content="Geschätzte Lesezeit" />
	<meta name="twitter:data1" content="3 Minuten" />
<script type="application/ld+json" class="yoast-schema-graph">{"@context":"https://schema.org","@graph":[{"@type":"WebPage","@id":"https://buo.de/service/karriere/job/marketing-allrounder-b2b-und-projektmanagement-m-w-d/","url":"https://buo.de/service/karriere/job/marketing-allrounder-b2b-und-projektmanagement-m-w-d/","name":"Marketing-Allrounder B2B und Projektmanagement (m/w/d) - B&O Service","isPartOf":{"@id":"https://buo.de/service/#website"},"datePublished":"2026-04-30T00:05:03+00:00","breadcrumb":{"@id":"https://buo.de/service/karriere/job/marketing-allrounder-b2b-und-projektmanagement-m-w-d/#breadcrumb"},"inLanguage":"de","potentialAction":[{"@type":"ReadAction","target":["https://buo.de/service/karriere/job/marketing-allrounder-b2b-und-projektmanagement-m-w-d/"]}]},{"@type":"BreadcrumbList","@id":"https://buo.de/service/karriere/job/marketing-allrounder-b2b-und-projektmanagement-m-w-d/#breadcrumb","itemListElement":[{"@type":"ListItem","position":1,"name":"Startseite","item":"https://buo.de/service/"},{"@type":"ListItem","position":2,"name":"Marketing-Allrounder B2B und Projektmanagement (m/w/d)"}]},{"@type":"WebSite","@id":"https://buo.de/service/#website","url":"https://buo.de/service/","name":"B&O Service","description":"","potentialAction":[{"@type":"SearchAction","target":{"@type":"EntryPoint","urlTemplate":"https://buo.de/service/?s={search_term_string}"},"query-input":{"@type":"PropertyValueSpecification","valueRequired":true,"valueName":"search_term_string"}}],"inLanguage":"de"}]}</script>
<!-- / Yoast SEO plugin. -->

Du bist ein vielseitiger Marketingprofi (m/w/d), der sich im B2B-Umfeld zu Hause fühlt? Du arbeitest strukturiert, kreativ und liebst es, Marketingprojekte eigenständig voranzutreiben? Du möchtest deine Fähigkeiten in einem modernen, inhabergeführten Unternehmen einbringen und Marketing sicht- und messbar gestalten? Dann könnte diese Position genau das Richtige für dich sein. Wir suchen zum nächstmöglichen Zeitpunkt einen...
